rime factors of 63257.
17, 61
List the prime factors of 53165.
5, 7, 31
List the prime factors of 31023.
3, 383
What are the prime factors of 19553?
19553
List the prime factors of 18155.
5, 3631
List the prime factors of 4540.
2, 5, 227
What are the prime factors of 13961?
23, 607
What are the prime factors of 10377?
3, 1153
List the prime factors of 11684.
2, 23, 127
What are the prime factors of 9096?
2, 3, 379
What are the prime factors of 14871?
3, 4957
What are the prime factors of 13013?
7, 11, 13
What are the prime factors of 1547?
7, 13, 17
List the prime factors of 1937.
13, 149
What are the prime factors of 1827?
3, 7, 29
List the prime factors of 2600.
2, 5, 13
List the prime factors of 5569.
5569
What are the prime factors of 120404?
2, 31, 971
What are the prime factors of 31649?
31649
List the prime factors of 143561.
11, 31, 421
What are the prime factors of 14082?
2, 3, 2347
What are the prime factors of 59453?
59453
List the prime factors of 17872.
2, 1117
What are the prime factors of 59086?
2, 31, 953
What are the prime factors of 27227?
19, 1433
What are the prime factors of 32816?
2, 7, 293
List the prime factors of 643.
643
List the prime factors of 174.
2, 3, 29
List the prime factors of 19721.
13, 37, 41
List the prime factors of 1227.
3, 409
What are the prime factors of 25644?
2, 3, 2137
List the prime factors of 97793.
19, 5147
What are the prime factors of 1083?
3, 19
List the prime factors of 59786.
2, 167, 179
What are the prime factors of 22372?
2, 7, 17, 47
List the prime factors of 71549.
71549
What are the prime factors of 1359?
3, 151
List the prime factors of 4092.
2, 3, 11, 31
List the prime factors of 23166.
2, 3, 11, 13
List the prime factors of 44194.
2, 19, 1163
What are the prime factors of 1560?
2, 3, 5, 13
List the prime factors of 6372.
2, 3, 59
What are the prime factors of 14230?
2, 5, 1423
What are the prime factors of 2143?
2143
List the prime factors of 6850.
2, 5, 137
What are the prime factors of 2821?
7, 13, 31
What are the prime factors of 9252?
2, 3, 257
What are the prime factors of 18212?
2, 29, 157
What are the prime factors of 2231?
23, 97
List the prime factors of 8021.
13, 617
What are the prime factors of 72038?
2, 181, 199
What are the prime factors of 790?
2, 5, 79
What are the prime factors of 924?
2, 3, 7, 11
What are the prime factors of 94?
2, 47
List the prime factors of 8240.
2, 5, 103
What are the prime factors of 408?
2, 3, 17
List the prime factors of 4401.
3, 163
What are the prime factors of 1055?
5, 211
List the prime factors of 195.
3, 5, 13
What are the prime factors of 10648?
2, 11
List the prime factors of 8190.
2, 3, 5, 7, 13
List the prime factors of 134.
2, 67
List the prime factors of 4446.
2, 3, 13, 19
List the prime factors of 1436.
2, 359
What are the prime factors of 38?
2, 19
List the prime factors of 3543.
3, 1181
List the prime factors of 5643.
3, 11, 19
What are the prime factors of 1505?
5, 7, 43
List the prime factors of 1237.
1237
List the prime factors of 580.
2, 5, 29
List the prime factors of 8227.
19, 433
List the prime factors of 62243.
67, 929
What are the prime factors of 31057?
13, 2389
List the prime factors of 12358.
2, 37, 167
List the prime factors of 2208.
2, 3, 23
List the prime factors of 2231.
23, 97
List the prime factors of 2176.
2, 17
List the prime factors of 16776.
2, 3, 233
List the prime factors of 358.
2, 179
List the prime factors of 1073.
29, 37
List the prime factors of 2483.
13, 191
What are the prime factors of 665?
5, 7, 19
List the prime factors of 2827.
11, 257
What are the prime factors of 1172?
2, 293
What are the prime factors of 1380?
2, 3, 5, 23
What are the prime factors of 2786?
2, 7, 199
List the prime factors of 2644.
2, 661
What are the prime factors of 26893?
26893
List the prime factors of 503.
503
What are the prime factors of 6734?
2, 7, 13, 37
List the prime factors of 5452.
2, 29, 47
What are the prime factors of 11185?
5, 2237
What are the prime factors of 58088?
2, 53, 137
List the prime factors of 1004.
2, 251
What are the prime factors of 111318?
2, 3, 18553
List the prime factors of 362.
2, 181
What are the prime factors of 47790?
2, 3, 5, 59
List the prime factors of 63954.
2, 3, 11, 17, 19
What are the prime factors of 157302?
2, 3, 971
What are the prime factors of 715?
5, 11, 13
What are the prime factors of 4170?
2, 3, 5, 139
What are the prime factors of 17136?
2, 3, 7, 17
List the prime factors of 1739.
37, 47
What are the prime factors of 836?
2, 11, 19
List the prime factors of 655.
5, 131
What are the prime factors of 1852?
2, 463
List the prime factors of 6309.
3, 701
What are the prime factors of 7842?
2, 3, 1307
List the prime factors of 2849.
7, 11, 37
List the prime factors of 1185.
3, 5, 79
List the prime factors of 2103.
3, 701
List the prime factors of 89296.
2, 5581
What are the prime factors of 5534?
2, 2767
List the prime factors of 13952.
2, 109
List the prime factors of 41091.
3, 13697
List the prime factors of 21790.
2, 5, 2179
What are the prime factors of 91247?
13, 7019
What are the prime factors of 114947?
7, 16421
List the prime factors of 115411.
131, 881
List the prime factors of 513.
3, 19
What are the prime factors of 603?
3, 67
List the prime factors of 572.
2, 11, 13
What are the prime factors of 37300?
2, 5, 373
List the prime factors of 39679.
39679
What are the prime factors of 380?
2, 5, 19
What are the prime factors of 20529?
3, 2281
List the prime factors of 86658.
2, 3, 11, 13, 101
List the prime factors of 702.
2, 3, 13
What are the prime factors of 4253?
4253
What are the prime factors of 4408?
2, 19, 29
List the prime factors of 6659.
6659
List the prime factors of 3915.
3, 5, 29
List the prime factors of 1051.
1051
List the prime factors of 167066.
2, 103, 811
List the prime factors of 18815.
5, 53, 71
List the prime factors of 4060.
2, 5, 7, 29
What are the prime factors of 10123?
53, 191
What are the prime factors of 54299?
7, 7757
What are the prime factors of 4861?
4861
What are the prime factors of 2110?
2, 5, 211
List the prime factors of 14555.
5, 41, 71
List the prime factors of 18511.
107, 173
List the prime factors of 20361.
3, 11, 617
What are the prime factors of 538?
2, 269
What are the prime factors of 57?
3, 19
What are the prime factors of 40843?
11, 47, 79
What are the prime factors of 903?
3, 7, 43
List the prime factors of 9203.
9203
What are the prime factors of 5005?
5, 7, 11, 13
What are the prime factors of 44136?
2, 3, 613
List the prime factors of 2077.
31, 67
List the prime factors of 669.
3, 223
What are the prime factors of 78570?
2, 3, 5, 97
What are the prime factors of 40803?
3, 7, 29, 67
What are the prime factors of 5060?
2, 5, 11, 23
What are the prime factors of 34389?
3, 3821
List the prime factors of 14120.
2, 5, 353
List the prime factors of 2609.
2609
What are the prime factors of 52667?
52667
What are the prime factors of 77509?
77509
What are the prime factors of 2730?
2, 3, 5, 7, 13
List the prime factors of 10225.
5, 409
What are the prime factors of 1024?
2
List the prime factors of 2627.
37, 71
What are the prime factors of 4057?
4057
What are the prime factors of 10745?
5, 7, 307
List the prime factors of 5378.
2, 2689
List the prime factors of 9276.
2, 3, 773
List the prime factors of 701.
701
List the prime factors of 16381.
16381
What are the prime factors of 582?
2, 3, 97
List the prime factors of 169350.
2, 3, 5, 1129
What are the prime factors of 5141?
53, 97
What are the prime factors of 1157?
13, 89
List the prime factors of 473.
11, 43
What are the prime factors of 17405?
5, 59
List the prime factors of 9266.
2, 41, 113
List the prime factors of 12655.
5, 2531
List the prime factors of 11169.
3, 17, 73
List the prime factors of 2273.
2273
List the prime factors of 2316.
2, 3, 193
List the prime factors of 977.
977
List the prime factors of 2300.
2, 5, 23
List the prime factors of 6005.
5, 1201
List the prime factors of 1202.
2, 601
What are the prime factors of 111977?
111977
List the prime factors of 935.
5, 11, 17
List the prime factors of 4620.
2, 3, 5, 7, 11
What are the prime factors of 2939?
2939
What are the prime factors of 4001?
4001
What are the prime factors of 1260?
2, 3, 5, 7
What